3 - 19*i + 0*i**2 + 0. Give u(-2).
8
Let c(r) = -r**3 - 2*r**2 + r - 1. Let n(k) = -1. Let m(t) = c(t) - 2*n(t). Let w(z) = 3*z**3 + 5*z**2 - 2*z - 3. Let f(a) = -5*m(a) - 2*w(a). Determine f(1).
-1
Let b = 114 - 99. Let r(s) = -2 + s**2 + 7*s - b*s + 9*s. What is r(-2)?
0
Suppose 0 = -8*k - 106 + 186. Let s(l) = l + 4. What is s(k)?
14
Suppose -2*l - l = 0. Let m(y) = -7*y. Let g(s) = -3*s + 1. Let v(h) = 2*g(h) - m(h). Calculate v(l).
2
Let q(l) be the second derivative of -l**5/10 + l**4/6 + l**2/2 + 2*l + 12. What is q(-2)?
25
Let k(u) = -5*u - 1. Let r = -158 + 156. What is k(r)?
9
Let t(z) = 2*z - 1. Let k be ((-2 - -5)/6)/(16/(-32)). Give t(k).
-3
Let w = 82 - 75. Let p(g) = 5*g + 5. Determine p(w).
40
Let o(j) = -j**3 - 8*j**2 - j - 5. Let h be 2/(-6) - 49/(-3). Suppose 4*s - 4*d = -h, -2*s - 3*d = -0*d + 28. What is o(s)?
3
Let n(z) be the first derivative of -6*z**4 - z**3/3 + 197. Give n(-1).
23
Let l = -70 + 100. Suppose 26*b - 20 = l*b. Let j(n) = n**2 + 3*n - 4. Give j(b).
6
Let f(h) = -6*h**2 + 2*h + 2. Let y(g) = 5*g**2 - g - 2. Let z(p) = -6*f(p) - 7*y(p). Let s be (-7 - -15)/4*5/2. What is z(s)?
2
Let k = -20 - -18. Let w(v) = -6*v - 2. Let z(g) = -5*g - 2. Let b(s) = k*w(s) + 3*z(s). Let j be (-4)/(-4*(-2)/4). Determine b(j).
4
Let s(a) = 13*a**3 + 5*a**2 + 15*a - 16. Let i(c) = -28*c**3 - 9*c**2 - 28*c + 33. Let h(q) = 6*i(q) + 13*s(q). Calculate h(-7).
-3
Let a(f) be the third derivative of -f**6/60 - f**5/30 + f**4/24 + f**3/3 - 17*f**2. Let x(o) = -2*o**2 - 15*o + 6. Let j be x(-8). What is a(j)?
8
Let q(g) = 17*g. Let h(z) = -z**2 + 12*z + 3. Let c be h(12). Suppose -o + 1 = 2*u + c, -4*u = o. What is q(u)?
17
Let v(s) = -4*s + 11. Let u(r) = -2*r + 7. Let g(x) = 5*u(x) - 2*v(x). Give g(4).
5
Let i(m) be the first derivative of -m**4/4 + 4*m**3 - 8*m**2 + 15*m - 54. Calculate i(10).
55
Let s be -2 + 3 - (8 + -2). Let y = 12 - 9. Let w(q) = -q**3 + 5*q**y + 1 + 3*q**2 - 3*q**3 + 3*q**2 + 6*q. Give w(s).
-4
Let m be 47/7 + (-2)/(-7). Let k(d) = -86*d + 10 - 51*d - 67*d + 201*d. Give k(m).
-11
Let c be 14/7 + (-9)/(-3). Let l(q) = -9*q - 6*q**2 + q**3 - 9*q + 22*q. Determine l(c).
-5
Let v = -205 + 209. Let b(y) = y**3 - 4*y**2 - y + 3. Calculate b(v).
-1
Let r(y) = -y**2 + 11*y - 1. Let i = 589 + -580. Give r(i).
17
Let o(m) = -3*m**3 + 7*m**2 + 9*m + 11. Let h(f) = -5*f**3 + 6*f**2 + 9*f + 12. Let p(x) = -2*h(x) + 3*o(x). Determine p(-8).
1
Let b(a) be the third derivative of 20*a**2 + 0*a - 2 + 1/6*a**4 + 1/60*a**5 + 1/2*a**3. What is b(-3)?
0
Let d(p) = p**3 - 3*p**2 - 5*p + 7. Let j(w) = -w**3 + w**2 + 2*w - 3. Let g(u) = 3*d(u) + 7*j(u). Give g(-1).
3
Let m(w) = -36 + 4*w + 93 - w - 2*w - 46. Calculate m(-5).
6
Let g(a) = a**3 - a - 1. Let d be g(-1). Let n(v) = -15*v**2 - v. What is n(d)?
-14
Let j(o) = -2*o + 6. Suppose 16*n + 3*i + 16 = 20*n, 2*n + 3*i = 26. Calculate j(n).
-8
Let m(j) = -j**3 + 7*j**2 + 7*j + 8. Let w be m(8). Let i(h) = -3*h + 2*h + 3 - h + w*h. Let v(q) = -q**2 + 13*q - 38. Let o be v(7). What is i(o)?
-5
Let j = -25 - -22. Let u(a) = a + 1. Let s be u(j). Let v(m) = m + 2. Give v(s).
0
Let i(t) = 32*t + 294. Let j be i(-9). Let s(q) = -q**3 + 8*q**2 - 3*q - 8. Give s(j).
46
Let f be ((-38)/(-57))/(-1*(-2)/18). Let v(y) = -y**2 + 4*y + 14. Give v(f).
2
Let o(z) = -5*z + 1. Let b = -41 - -46. Let g(r) = -11*r + 2. Let n(j) = b*o(j) - 2*g(j). Give n(-5).
16
Suppose 0 = 4*s - 23 - 9. Let k(m) = 2 + s*m**2 + m**3 + 9*m - 4 + 3. What is k(-7)?
-13
Let z(j) = -j**2 + 6*j + 2. Suppose -10 = o - 17. Let f(g) = g - 4. Let a be f(o). What is z(a)?
11
Suppose 4*t = 12, 2*s + 24 = -4*t + 6*t. Let v = -8 - s. Suppose -8 = -3*q + v. Let w(h) = -h**3 + 3*h**2 - 4*h + 4. Calculate w(q).
-8
Let l(x) = -x**3 + 6*x**2 + 3. Suppose 4*k + 12 = 6*k. Let u be l(k). Let z(d) = -d**2 - 2*d + 2. What is z(u)?
-13
Let q(y) = 3*y**3 - y**2 + y + 4. Let c(w) = 4*w**3 - w**2 + w + 5. Let f(a) = -2*c(a) + 3*q(a). Calculate f(0).
2
Let c(l) = 7*l + 1. Let n be c(0). Let a(z) be the second derivative of 0 + 1/2*z**4 + 1/6*z**3 + z + 0*z**2. Determine a(n).
7
Let w be 0/(-5) - 8*8 - 1. Let z = 68 + w. Let f(d) = d**3 - 2*d**2 - 1. Determine f(z).
8
Suppose f = 5*f + i - 21, -3 = -2*f - 3*i. Let g be f/(-4) + 3*4/24. Let y(o) = -22*o + 1. Give y(g).
23
Let w(r) = -r. Let f be (-4)/(-6) - (-58)/(-6). Suppose -b - b = -2*p + 24, 4*b - 30 = -2*p. Let a = p + f. Determine w(a).
-4
Let o(i) = -i**2 - 24*i - 58. Let c be o(-21). Let k(l) = l**2 - 4*l. What is k(c)?
5
Let a(h) be the second derivative of h**5/20 + h**3/6 - h**2/2 - 2*h. Let j be 0/((1 - -1)*1). Let v be 0 + j/(-1) - -1. Determine a(v).
1
Let h(j) = -3*j - 37. Let z(o) = -2*o - 19. Let a(f) = -3*h(f) + 5*z(f). Let r be a(7). Let l(d) = -1 - r*d - d + 9*d. Calculate l(4).
-5
Let y(w) = w - 13*w**2 + 0*w**3 + 7 + w**3 - 4 - 2*w**3 + w. What is y(-13)?
-23
Let p(j) = j**3 + 3*j - 10. Let c be p(2). Let a(b) be the third derivative of -1/2*b**3 + 0*b**4 + 0*b + c*b**2 + 1/120*b**6 + 0 + 0*b**5. Determine a(0).
-3
Let c(x) = 3*x + 4. Suppose 5*a - 48 = -a. Suppose -a = 4*j + 4, 4*w - 4 = -4*j. Suppose -t = 7 - w. What is c(t)?
-5
Let u(c) = 136 - c - 412 + 133 + 140. What is u(-2)?
-1
Suppose -8*x = 3*t - 3*x - 32, -2*t + 19 = x. Let m(u) = u**3 - 8*u**2 - 14*u + 6. Give m(t).
-39
Let x(l) = 4*l - 9. Let b = 71 + -67. Let i be x(b). Let h(w) = w**2 - 8*w + 7. Determine h(i).
0
Let o(u) be the third derivative of u**6/120 - 11*u**5/60 + 3*u**4/8 + u**3/3 + 19*u**2. What is o(10)?
-8
Let v(b) be the third derivative of -3*b**4/4 - b**3/3 + 193*b**2. Give v(1).
-20
Let r(b) = 18*b**2 + 16*b - 21. Let z(t) = 6*t**2 + 5*t - 7. Let x(f) = 6*r(f) - 19*z(f). Calculate x(-3).
-50
Let r(z) = z**2 + z + 24. Let p(y) = -y**2 - y - 28. Let o(u) = -4*p(u) - 5*r(u). Determine o(0).
-8
Let q(j) be the third derivative of j**4/24 - j**3/2 - 2*j**2. Suppose 0*d + 14 = 2*d + r, -6 = -3*r. Let f = 1 + d. Calculate q(f).
4
Suppose 0 = 5*u + 10 - 20. Suppose 3*b + 5*z = 23, u = 5*b - z + 1. Let g(l) = 13*l**3 - 2*l**2 + 2*l - 1. What is g(b)?
12
Let w = -23 - -14. Let c(a) = -4*a**3 - 12*a**2. Let o(b) = -9*b**3 - 25*b**2 + 1. Let m(l) = 7*c(l) - 3*o(l). Calculate m(w).
-3
Let a(o) = 5*o + 2. Let n = 48 - 44. Let m be 4 + 1 + 12/(n + -8). Determine a(m).
12
Let a(q) = 885*q**2 - 445*q**2 + q + q - 442*q**2 + q + 3. Let p = 8 + -5. Determine a(p).
-6
Let g(j) = -6*j + 2. Let u(i) = 6*i**2 - 3*i - 1. Let n be u(1). Give g(n).
-10
Suppose 3*s = -s - 5*d + 6, 3*d + 22 = 4*s. Let x(o) be the first derivative of o**2 - 7*o - 1. Let m be x(s). Let y(l) = -10*l - 1. Determine y(m).
-11
Let y(o) = o**2 - 6*o - 2. Let x(t) = -11*t**3 - t**2. Let a be x(1). Let v(n) = -3*n - 30. Let k be v(a). Give y(k).
-2
Let f(q) = q + 6. Let v(h) be the second derivative of 0*h**3 - 1/2*h**4 + 0 + 1/2*h**2 - 4*h. Let t be v(-1). Give f(t).
1
Suppose 7*n - 228 = 3*n. Let j = n - 63. Let u(v) = -v - 3. Calculate u(j).
3
Suppose -2 = -2*b + b. Let k(t) be the first derivative of t**2/2 + 2*t - 24. Determine k(b).
4
Let a(g) = g + 4. Let o be a(-5). Let q(u) = -6*u + 13. Let f(c) = -6*c + 11. Let y(p) = -6*f(p) + 5*q(p). Give y(o).
-7
Let p(r) = 12*r**2 - 2*r + 3. Let b = 789 - 787. Calculate p(b).
47
Suppose 2*l - 80 = -6*l. Let y(v) = v**3 - 9*v**2 - 10*v - 3. Calculate y(l).
-3
Let w(m) be the second derivative of m**3/6 + 3*m**2/2 - 11*m. Suppose 0 = -0*f - 5*f - b - 8, 0 = -b + 2. Give w(f).
1
Let h be ((2 - 1) + -3)*(-405)/162. Let w(s) = 7*s - 32. Give w(h).
3
Suppose 3*f = -0*f. Let o(j) = -j**2 + 4*j + 3. Let r be o(4). Let l(b) = -3 + 0*b**2 - 5*b**2 + 6*b + f*b**r + b**3. What is l(4)?
5
Let h(f) = f**3 + 3*f**2 + f + 3. Let m = 3 - -4. Suppose -2*t + 15 = -m*t. What is h(t)?
0
Let c(u) be the third derivative of 1/24*u**4 - 13*u**2 + u**3 + 0 + 0*u. What is c(-6)?
0
Suppose -4*w = -2*z + 22, w - 2*z + 0*z = -10. Let u be 2/w*(-3 - 3). Let d be 2*u*(-2)/(-4). Let x(r) = r**3 - 4*r**2 + r + 2. Calculate x(d).
-4
Let u(l) = -20. Let d(z) = 6*z + 99. Let r(a) = -2*d(a) - 11*u(a). Give r(2).
-2
Let q(a) = -2*a**3 + 2*a**2 + 7*a - 11. Let y(h) = -3*h**3 + 5*h**2 + 12*h - 20. Let o(p) = 7*q(p) - 4*y(p). Determine o(-3).
0
Let v(z) = 15*z - 10 + 4 - 35 - 9*z**2 + 10*z**2. What is v(-17)?
-7
Let z(x) be the first de